{"id":2,"date":"2015-12-07T20:01:49","date_gmt":"2015-12-07T20:01:49","guid":{"rendered":"http:\/\/ostrowska.tv\/?page_id=2"},"modified":"2016-04-05T13:46:13","modified_gmt":"2016-04-05T12:46:13","slug":"sample-page","status":"publish","type":"page","link":"https:\/\/ostrowskatv.pl\/?page_id=2","title":{"rendered":"Kontakt"},"content":{"rendered":"<p><strong>Portal ostrowska TV stawia na szybko\u015b\u0107 publikowanych informacji. Dzi\u0119ki nam dowiesz si\u0119 co ciekawego dzieje si\u0119 w Ostrowie Wlkp. i regionie.<\/strong><\/p>\n<p>Gdy zauwa\u017cysz jakiekolwiek ciekawe zdarzenie na terenie powiatu ostrowskiego, pisz SMS lub zadzwo\u0144 pod nr telefonu 698-84-55-33.<\/p>\n<p>Redaktor naczelny:<\/p>\n<p>Marek Radziszewski<\/p>\n<p>&nbsp;<\/p>\n<p>Adres do kontaktu:<\/p>\n<p>Konopnickiej 53<\/p>\n<p>63-400 Ostr\u00f3w Wlkp.<\/p>\n","protected":false},"excerpt":{"rendered":"Portal ostrowska TV stawia na szybko\u015b\u0107 publikowanych informacji. Dzi\u0119ki nam dowiesz si\u0119 co ciekawego dzieje si\u0119 w Ostrowie Wlkp. i regionie. Gdy zauwa\u017cysz \n<a class=\"moretag\" href=\"https:\/\/ostrowskatv.pl\/?page_id=2\"> [...]<\/a>","protected":false},"author":1,"featured_media":0,"parent":0,"menu_order":0,"comment_status":"closed","ping_status":"open","template":"","meta":{"footnotes":""},"class_list":["post-2","page","type-page","status-publish","hentry"],"_links":{"self":[{"href":"https:\/\/ostrowskatv.pl\/index.php?rest_route=\/wp\/v2\/pages\/2","targetHints":{"allow":["GET"]}}],"collection":[{"href":"https:\/\/ostrowskatv.pl\/index.php?rest_route=\/wp\/v2\/pages"}],"about":[{"href":"https:\/\/ostrowskatv.pl\/index.php?rest_route=\/wp\/v2\/types\/page"}],"author":[{"embeddable":true,"href":"https:\/\/ostrowskatv.pl\/index.php?rest_route=\/wp\/v2\/users\/1"}],"replies":[{"embeddable":true,"href":"https:\/\/ostrowskatv.pl\/index.php?rest_route=%2Fwp%2Fv2%2Fcomments&post=2"}],"version-history":[{"count":0,"href":"https:\/\/ostrowskatv.pl\/index.php?rest_route=\/wp\/v2\/pages\/2\/revisions"}],"wp:attachment":[{"href":"https:\/\/ostrowskatv.pl\/index.php?rest_route=%2Fwp%2Fv2%2Fmedia&parent=2"}],"curies":[{"name":"wp","href":"https:\/\/api.w.org\/{rel}","templated":true}]}}